2*q**2 + 5. Let s be (0 + 1)/((-2)/14). Give h(s).
-4
Let f = 58 + -55. Let q(x) = 0*x**2 - 3 - 6*x**f + 15 - 2*x**2 - 11. Determine q(1).
-7
Suppose r - 35 = -5*q - 2*r, -q = -r - 15. Let t(o) = -q + 5 + 1 + 2*o. What is t(4)?
4
Let f(p) = -41*p + 1. Let z(o) = 8*o. Let m(k) = -f(k) - 5*z(k). Suppose 0 = 3*n - 6*n + 24. Determine m(n).
7
Suppose 124 = 14*r + 250. Let s(x) = -2*x - 2. Give s(r).
16
Let j(m) = -m**2 - m + 6. Let h be j(0). Let v be 1/((-3)/h) - -4. Suppose p + 5*k - 12 = 0, 5*k = 4*p - 0 + v. Let u(a) = 2*a - 3. Calculate u(p).
1
Let q = -26 + 28. Let a(g) = 3*g. Let p(i) = -i**2 - 12*i. Let u(r) = q*p(r) + 9*a(r). What is u(2)?
-2
Let g(h) = 6*h - 1. Let a(v) = 22*v + 10. Let c(z) = a(z) - g(z). Determine c(-1).
-5
Let j be (-1425)/(-114) - (-3)/(-2). Let t(b) = 5*b - b - 4*b + b - 7 + b**3 - 11*b**2. Give t(j).
4
Let i(g) be the second derivative of -g**4/12 + 5*g**3/3 - 9*g**2/2 + 46*g. Give i(9).
0
Let r(u) = u**3 - 5*u**2 + 2*u - 7. Let i be (-156)/(-9)*-2*24/(-16). Let m = i - 47. Give r(m).
3
Let h(f) = -8 - 5 - 8 + 5 + 1 + 4*f. Determine h(5).
5
Let q = 47 + -34. Let v(t) = q*t**3 + 5 - 20*t**3 + 6*t**3 + 10*t**2. Let h be v(10). Let u(p) = -p**3 + 6*p**2 - 3*p - 6. What is u(h)?
4
Let l be (-14)/4 + 5/10. Let s be (-20)/l - 2/3. Let c(d) = d**2 - d + 7. Let a(b) = -b**2 - b - 8. Let v(w) = 3*a(w) + 4*c(w). Calculate v(s).
-2
Suppose 5*x = 20 + 5. Let v(p) = 2377*p**2 + 8*p - 2 - 2*p - 2378*p**2. Calculate v(x).
3
Let h(i) = 2*i**2 + 9*i - 2. Let w be h(-4). Let d(t) = t**2 + 4*t - 9. Let v be d(w). Let m(g) = -3*g**2 - 3 + 0*g**2 + 4*g - 6*g - 3*g + g**v. Give m(4).
-7
Let s = -5 + 11. Let i = 2 - s. Let b(j) = 4*j**3 - 5*j**2 + 4*j - 19. Let k(h) = -h**3 - 2*h + 3. Let w(y) = -b(y) - 5*k(y). What is w(i)?
-4
Let d(v) = -13*v**2 + 24*v - 41. Let o(b) = -3*b**2 + 6*b - 10. Let m(h) = -2*d(h) + 9*o(h). Suppose -4*z - 2 = -3*i, 241*i + 5*z + 10 = 246*i. Calculate m(i).
-8
Suppose -5*o = -2*f + 4*f - 48, 0 = 5*o + 3*f - 52. Suppose o = 3*v + 2. Let g(i) = -7*i + 2. What is g(v)?
-12
Let f(g) = 4*g - 10. Let w be (-63)/(-21)*(-3)/((-9)/2). Give f(w).
-2
Let w(b) = -28 - 28 + 5*b + 89 - 20. Give w(0).
13
Let r be (1 - 3)*((-9)/2 - -5). Let o be r/(-1)*1*2. Let a(d) = -2*d + 0*d + 3 - d - d**2. What is a(o)?
-7
Let i(v) = -3. Let d(u) = u + 4. Let w(s) = -3*d(s) - 4*i(s). Let c be (-6)/(-4)*40/(-12). Let o = -9 - c. What is w(o)?
12
Let p = 22 + -24. Let f(d) = 3 + 47*d**2 - 49*d**2 - d**3 - 4 - 3*d. What is f(p)?
5
Let c(q) be the second derivative of 1/20*q**5 + 4*q + 1/3*q**3 + 0 + 1/6*q**4 + 2*q**2. Let n be 22/(-8) - (-2)/(-8). What is c(n)?
-11
Let m(x) = 3*x**2 - x - 1. Let h(y) = y**3 - 8*y**2 + 12*y - 1. Let l be h(6). Let o be m(l). Let u(c) = c**3 - 3*c**2 - 2*c - 2. Determine u(o).
-8
Let h(u) be the first derivative of 2*u**2 + 5*u - 2401. Let j(i) = i. Let z be j(-4). What is h(z)?
-11
Let p(z) = 4*z + 2. Let g = -10 + 11. What is p(g)?
6
Let a(q) = q**2 + 9*q + 1. Let b(i) = -2*i + 1. Let f(r) = a(r) + 3*b(r). What is f(-3)?
4
Let m(d) be the third derivative of -d**6/40 - d**5/60 + d**4/24 + 6*d**2. Let s(i) = i**2 + 6*i + 10. Let r be s(-3). Determine m(r).
-3
Let c(l) = l**2 - 3*l + 6. Let i be c(2). Suppose 4*d - 2*a - 20 = d, 5*d - a = 38. Suppose -12 = d*u - i*u. Let g(t) = t - 4. Calculate g(u).
-7
Let n(y) = y**3 - 3*y**2 - y - 2. Let l = 5 - 4. Suppose -8*q + 25 = l. What is n(q)?
-5
Let l(p) = 167 - 87 - 84 + 0*p**2 - 6*p + p**2. Give l(8).
12
Let o(n) = 123*n**2 + 5*n - 118*n**2 - 4 + n**3 - 3*n + n. Give o(-5).
-19
Let b(k) = 3*k + 5. Let t(m) = 14*m + 21. Let a(g) = 9*b(g) - 2*t(g). Calculate a(5).
-2
Let b(k) = k**3 + 7*k**2 - 5*k + 19. Suppose -3*w - 2*m = 20, 3*w - 46*m = -43*m - 30. Determine b(w).
-5
Let j be 4/4*(2 - -1). Let g(u) = -u + 11. Let r be g(j). Let n(t) = -r + t - 7 - 6 + 7. Give n(0).
-14
Let m(u) be the second derivative of u**5/20 + u**4/12 - u**3/2 + u**2 + 33*u. Calculate m(-3).
-7
Suppose d + 5 = 7. Let k(n) be the second derivative of -d*n**2 + n**2 - 2*n**3 + n**3 + 3*n**2 + 2*n. Give k(3).
-14
Let p(y) = -y**3 + 8*y**2 - 7*y - 2. Let u(i) = i**3 - 20*i**2 - 21*i + 7. Let n be u(21). Determine p(n).
-2
Suppose 5*y = -10 - 30. Let v(h) = -h + 6 - 8*h**2 - 7*h - h**2 - 9*h**3 + 8*h**3. Give v(y).
6
Let f(s) be the first derivative of -s**6/120 - s**5/15 + 5*s**4/24 + s**3/2 - 11*s**2 + 29. Let y(d) be the second derivative of f(d). Calculate y(-5).
3
Suppose -1639*u + 1631*u = -64. Let z(b) = -b**3 + 7*b**2 + 8*b + 4. What is z(u)?
4
Let i(d) = d**3 + d - 10. Let t be (-294)/12 - (-2)/4. Let g = t - -31. Suppose 9*b - g*b = 0. Calculate i(b).
-10
Let s be (10/4)/((-135)/(-324)). Let z(o) be the third derivative of o**6/120 - 7*o**5/60 + o**4/3 + o**3/3 + 4*o**2. What is z(s)?
14
Let s(l) = 3*l**3 + 3*l**2 - 29. Let b(z) = -z**3 - z**2 + 10. Let j(k) = -11*b(k) - 4*s(k). Let n be 2 - (14/6 - 5/15). Calculate j(n).
6
Let g(r) = 4*r**2 - 4*r - 4. Let h(t) = 1. Let o(a) = -g(a) - h(a). What is o(-2)?
-21
Let h be 4 + -1*(-1 - -3). Let r(k) = 1 + 0*k + 3*k + k. What is r(h)?
9
Let i(c) = 2*c + 6. Let b be i(-6). Let l be (-14)/b + 3/(-9). Suppose 3*u = -n + l, 2*n + 28 = -3*n + 4*u. Let h(q) = -q**3 - 5*q**2 - 4*q - 6. Calculate h(n).
-6
Let u be (3/6)/(3/144). Suppose u = 4*m - 0. Let f(p) = -8 - 7*p**2 + m*p + 12*p**2 + 3 - p**3. Give f(6).
-5
Let y(s) = 2*s**2 - s. Let p(l) = l**3 + 7*l**2 + l + 12. Let r be p(-7). Suppose 10 = 4*b - 5*j + 4*j, 0 = b + 3*j - 9. Let a = r - b. Calculate y(a).
6
Let z(c) be the third derivative of c**6/120 - c**5/12 - c**4/12 + 19*c**3/6 - 59*c**2. Let v be z(5). Let x(b) = b**2 - 7*b - 7. Give x(v).
11
Let p(f) be the third derivative of f**5/60 - 5*f**4/24 + 5*f**3/6 - 223*f**2. Calculate p(5).
5
Let n(c) = 12*c - 2. Let v(f) = f**3 + 4*f**2 - 2*f - 6. Let s be v(-4). Let j(p) = 11*p - 1. Let d(x) = s*n(x) - 3*j(x). What is d(-1)?
8
Let i(l) = -6*l**3 - 13*l**2 - 10*l**3 + 25*l**3 - 8*l**3 + 5. Determine i(13).
5
Let s(k) be the first derivative of k**4/4 + 8*k**3/3 - k**2/2 - 6*k - 37. Let a(v) = -v**2 + 8*v - 8. Let x be a(8). What is s(x)?
2
Let s = 41 - 20. Let i(q) = -16*q**2 + q - q + s*q**2. Let b be i(1). Let w(t) = -t + 2. Give w(b).
-3
Let o(y) = -y - 5 + 19 + 3*y - 3*y - 10. What is o(-9)?
13
Let x(t) be the first derivative of -29 + 0*t + 24 + t + 3*t**2 + 20. Calculate x(-3).
-17
Let u be (730/292)/(10/16). Let d(h) = h**2 + 7*h - 7. Give d(u).
37
Let i = 210/13 - 1247/78. Let b(o) be the second derivative of 0 + 7/12*o**4 - i*o**3 + 1/2*o**2 - 7*o. Give b(1).
7
Let g(a) = -a**3 - 5*a**2 + 8*a + 2. Let t(f) = -f**3 - f**2 - f - 6. Let l = -4 - -4. Let s be t(l). Calculate g(s).
-10
Suppose 0 = -5*y - 4*o - 10, -4*y + 4*o + 13 = 3*o. Let f(z) = -22*z**2 + 9*z**2 + 12*z**2 + 2. What is f(y)?
-2
Let m(r) = 25*r + 3. Let a(f) = -25*f - 4. Let u(s) = 4*a(s) + 5*m(s). Suppose 20*x = 25*x - 5. Calculate u(x).
24
Let q(k) = k - 8 + 2 + k. Let l = 84 + -73. Suppose 30 = 5*d + g + 7, -3*d = 2*g - l. Calculate q(d).
4
Suppose 5*i - 10 = 5. Suppose -2*k - 9 - 3 = -2*l, 2*k = -3*l + 13. Let r(p) = 13 + p + i*p - l*p. Calculate r(0).
13
Let b be 6/(-30) - 5/(-25) - 9. Let m(q) = q**2 + 10*q + 10. What is m(b)?
1
Let i(m) = 5*m**3 + 4*m**2 + 14*m - 4. Let a(v) = v**3 + v. Let x(c) = 6*a(c) - i(c). Calculate x(5).
-11
Let c(d) = d**3 + 2*d**2 - 2*d - 2. Let h = -1593 + 1593. What is c(h)?
-2
Let l be (1/(-3))/(2*4/(-48)). Let j(o) = 3*o**2 + 4 - 2 - 4*o**2. Let s be j(l). Let y(z) = 2*z**3 + 3*z**2 + 2*z + 1. Give y(s).
-7
Let i(q) = q - 18. Let c(l) = -l + 19. Let s(t) = 2*c(t) + 3*i(t). Let d be (-1904)/(-168) + 0 + 10/15. Calculate s(d).
-4
Let d be (20/(-8) + 1)/((-36)/(-192)). Let x(a) = -2*a - 3. Determine x(d).
13
Let f(r) = -2*r - r**2 - 14 - 13*r**2 + 0*r + 0*r + 15*r**2. What is f(-7)?
49
Suppose 6*z + 26*z + 32 = 0. Let q(j) = -10*j. Give q(z).
10
Let m(t) be the third derivative of t**3/6 - 8*t**2. Let v(i) = -i - 1. Let a(c) = m(c) - v(c). Let n be 2/(-3) - 20/15. Give a(n).
0
Let f = 86 - 88. Let u(d) = 2*d**3 + 4*d**2 + d - 3. Give u(f).
-5
Let b(m) = m**3 - 8*m**2 + 10*m - 15. Let l(t) = -7*t + 238. Let y be l(33). What is b(y)?
6
Let b(n) = -n - 3. Let a(q) be the first derivative of q**2/2 - q - 1. Let t(j) = -j + 2. Let s(